ctors of h(n).
7
Let s = -1124 - -2219. List the prime factors of 4/(-5)*s/(-6).
2, 73
Suppose 7*o - 3746 = 1336. List the prime factors of o.
2, 3, 11
Let d(b) = b**3 - b**2 - 2*b + 1. Let z be d(-2). Let c be z*(-22)/(-8)*4. Let g = c + 111. List the prime factors of g.
2, 17
Suppose -4*f + 1707 + 661 = 0. Suppose 12*r = 16*r - f. What are the prime factors of r?
2, 37
Suppose 7*k = 2572 - 136. What are the prime factors of k?
2, 3, 29
Suppose -4*g = -2*f + 7*f - 557, -g + 142 = 4*f. What are the prime factors of g?
2, 3, 23
Suppose -2*l + 208 = -0*l. Suppose r = 3*u + l, -4*r + 0*r - u = -468. What are the prime factors of r?
2, 29
Let f = 601 + -272. What are the prime factors of f?
7, 47
Let l(b) = 17*b + 365. List the prime factors of l(-5).
2, 5, 7
Let c be (-102)/(-21) - (-3)/21. Suppose 5*j - x = 2*j + 17, 3*x = j - 19. What are the prime factors of ((-6)/j)/(c/(-70))?
3, 7
Let b(y) be the second derivative of -y**5/20 + 5*y**4/6 + 17*y**3/6 - 7*y**2 - 34*y. List the prime factors of b(11).
2, 13
Let v = -1519 + 2695. What are the prime factors of v?
2, 3, 7
Let d = 21 - 25. Let i(y) = y**3 + 5*y**2 + y - 3. What are the prime factors of i(d)?
3
Suppose -17*n - 7303 = 4563. What are the prime factors of (-1)/((2 + 0)/n)?
349
Suppose 0*z - 5*z + 665 = 0. Suppose d + z = -3*a, -4*a + 77 = -d + 252. List the prime factors of ((-3)/(-6) + -1)*a.
2, 11
Let d be 2*(-1)/7 - (-33)/(-7). What are the prime factors of ((-88)/d)/(8/60)?
2, 3, 11
Suppose 4*q = l + 3*l + 1920, -5*q = -l - 2400. List the prime factors of q.
2, 3, 5
Let w(c) = -3*c - 10. Let i = -11 + 27. Let m be w(i). List the prime factors of (m/4)/(3/(-6)).
29
Suppose 4*a + 5*o = a + 2514, 0 = o + 3. List the prime factors of a.
3, 281
Let t = 158 - -165. Suppose 5*d - t = -2*y, 373 = 2*y - 5*d - 0*d. Suppose -3*u + 4*r = -111, -3*r - y = -0*u - 5*u. What are the prime factors of u?
3, 11
Let h be 4/(-6) - (-14)/21. Let z(d) = h*d + 4 + d + 0*d + 0*d. List the prime factors of z(9).
13
Let o(a) = -36*a + 50. Let s be o(-5). Let n = -76 + s. What are the prime factors of n?
2, 7, 11
Suppose 0 = -48*p + 84189 + 71571. What are the prime factors of p?
5, 11, 59
Suppose -98*q + 94*q = -824. What are the prime factors of q?
2, 103
Let n(b) = -2*b + 18. Let c(d) = 1. Let r(v) = -c(v) - n(v). Suppose -2*x = -2*o - 26, 0*o = -2*x - 4*o + 50. What are the prime factors of r(x)?
3, 5
Let d be (-24 + -6)*16/10. Let y = 156 + -252. Let w = d - y. What are the prime factors of w?
2, 3
Suppose n = 5*u - 1910, 0 = 4*u + 5*n - 1999 + 500. What are the prime factors of u?
3, 127
Let t = 19 + -25. Let w be t/(-5)*(-45)/18. List the prime factors of 20/w*(-9)/2.
2, 3, 5
Suppose -2*h + 1674 = 4*p, -1043 + 3137 = 5*p + 2*h. List the prime factors of p.
2, 3, 5, 7
List the prime factors of 839 - (4/(-2) + (-6)/(-2)).
2, 419
Let m = -17 + 17. Suppose m = g + 3*u - 13, g - 1 + 3 = 2*u. List the prime factors of g.
2
Suppose 0 = -11*r + 6*r + 305. Let q = 85 - r. List the prime factors of (-2)/(q/(-196))*3.
7
Let r(i) = i**2 - i. Let s(u) = -9*u**2 + 8*u. Let t(n) = -4*r(n) - s(n). List the prime factors of t(4).
2
Let t be (22 - 14)*1/4. Let b(l) = -l**2 + 4*l + 3. Let p be b(4). Suppose -t*j = -9 + p. List the prime factors of j.
3
Let j be 1/2*(-7 - -11). Suppose j*h + 3 = 3*h, 3*a = -h + 315. Let r = a - 69. What are the prime factors of r?
5, 7
List the prime factors of (392/168)/(1/1233).
3, 7, 137
Suppose -5*b = -3*l - b + 14, -4*b = 4*l. Suppose -l*q = -5*q + 45. What are the prime factors of (-1)/(-2)*(q + -3)?
2, 3
Suppose -4*s = -m - 575, 3*m - 134 = -5*s + 572. Suppose -s - 165 = -14*t. List the prime factors of t.
2, 11
Let y = 123 - 119. Let p(c) = -6*c + 7. Let a(u) = -30*u + 35. Let k(f) = 2*a(f) - 11*p(f). What are the prime factors of k(y)?
17
Let y(r) = 6*r**3 + 5*r**3 - 6*r - 15*r**2 - 10 - 4. Let l(h) = -5*h**3 + 7*h**2 + 3*h + 7. Let m(j) = -9*l(j) - 4*y(j). What are the prime factors of m(5)?
2, 7
Let a be (-15)/((-105)/4) + 16120/14. Suppose -3*f - 5*f + a = 0. List the prime factors of f.
2, 3
Let g(d) = 9*d**3 - 7*d**2 + 69*d + 3. List the prime factors of g(5).
2, 11, 59
List the prime factors of 674 + 6 + (-3 - 5).
2, 3, 7
Let v = -1914 - -6144. What are the prime factors of v?
2, 3, 5, 47
Suppose -6 = -j - 7. Let s be 2 + -4 - (j - 276). Suppose 27 - s = -4*o. List the prime factors of o.
2, 31
Suppose -5*n - 12 = -3*n. Let w be n/10 + (-1056)/15. Let x = -40 - w. List the prime factors of x.
31
Suppose -2*r + 450 = 3*r. Suppose 140 = 5*o - r. List the prime factors of o.
2, 23
Let g(t) = -35*t + 52. Let l(d) = -d + 1. Let c(n) = -g(n) + 2*l(n). List the prime factors of c(7).
181
Suppose 1 = -6*s + 13. Suppose -5*m + 33 = -q, 3*m + 2*m + 96 = -s*q. Let k = q + 66. What are the prime factors of k?
23
List the prime factors of 7 - (8 - 14 - (252 - 1)).
2, 3, 11
Let l be 33/6 + 8/(-16). Let w be 6 - 2/(-4)*-4. Suppose 0*r + 123 = w*k + 5*r, -l*k - 3*r = -144. What are the prime factors of k?
3
Suppose 4*b = 4 - 24, 0 = 4*j + 2*b - 3662. List the prime factors of j.
2, 3, 17
Let y be ((-18)/(-12) - (1 - -1))*0. Let o(l) = -l**3 + l**2 + 148. What are the prime factors of o(y)?
2, 37
Let t = -1376 - -2339. List the prime factors of t.
3, 107
Let z(g) = -g**3 - 2 - 2 - g - 4*g**2 + 2. Let v be z(-4). Suppose 5*i + 3 = 2*j, -4*j + v*i + 10 = -4. List the prime factors of j.
2
Suppose w = -4*w + 10. Suppose -3*u + 183 = 3*d - 6*d, w*d = -4*u + 238. List the prime factors of u.
2, 3, 5
Suppose -5*g = -4*g - 3. Suppose g*o - 3*r - r = 352, -4*r + 96 = o. List the prime factors of o.
2, 7
Suppose 361 = 5*p - 149. List the prime factors of p.
2, 3, 17
Let n be (-7 - -9)*(-5)/(-2). Suppose -n*j + 7 = -3. Suppose 38 = -q + j*q. What are the prime factors of q?
2, 19
Let l(z) = -4*z - 7. Let s(n) = 1. Let r(x) = l(x) + 4*s(x). Let a be r(-2). Suppose a*v = 4 + 6. What are the prime factors of v?
2
Suppose f + 0*f = -43. Suppose -11*p - 28 = 5. What are the prime factors of f/p + (-11)/33?
2, 7
Suppose 5*v = -18 - 12. Let h = v - -90. List the prime factors of h.
2, 3, 7
Suppose -3*b = 2*x - 14, -14*x + 28 = -9*x + 4*b. Suppose 0 = 2*i + j - 10, -i + 4*j + 1 = -x. List the prime factors of i.
5
Suppose 7*w - 3*w + 4*p - 16 = 0, -3*p = -9. Let m(k) = -k**3 - 9*k**2 + k + 3. Let c be m(-9). Let b = w - c. List the prime factors of b.
7
Let c(q) = -15*q - 18. Let s be c(-11). Let k = s + -105. What are the prime factors of k?
2, 3, 7
Let a(u) = -8*u + 102. Let x(t) = -4*t + 51. Let s(q) = -2*a(q) + 5*x(q). What are the prime factors of s(0)?
3, 17
Let b(q) = q + 61. Let c be b(-12). Let t be 4*-2*10/(-4). Let y = c - t. What are the prime factors of y?
29
Let r be 3/3 - -2 - 3. Suppose -11*l + 5*l + 96 = r. List the prime factors of l.
2
Suppose 0 = 6*c - 2062 - 2246. List the prime factors of c.
2, 359
Let v(n) = 7*n + 12. Let y(r) = 13*r + 24. Let q(g) = -11*v(g) + 6*y(g). What are the prime factors of q(-5)?
7
Suppose o + 2*w = 256, 2*o = 5*w + 572 - 42. Let p = -183 + o. List the prime factors of p.
7, 11
Suppose -x + 161 = 2*h, -88 = h - 2*h + x. List the prime factors of h.
83
Let h = 174 - 43. Suppose 75 = -3*n - 6*u + 2*u, -h = 4*n - 5*u. Let d = n - -55. List the prime factors of d.
2, 13
Let k be (-5)/(-3)*18/5. List the prime factors of (-102)/(-4)*28/k.
7, 17
Let z = -725 - -1572. What are the prime factors of z?
7, 11
Suppose 63*n - 5399 = 11359. List the prime factors of n.
2, 7, 19
Suppose -3*j - j = -460. Let b be (0 - -2) + -3 + j. Suppose 3*o - 106 = -l, 6*o - 3*o - b = -3*l. List the prime factors of o.
2, 17
Let d(m) = 6*m + 4. Suppose 2*p + 2*p = 16. Let b be d(p). Suppose 3*h = 7*h - b. List the prime factors of h.
7
Suppose 10*f = -963 + 5153. List the prime factors of f.
419
Suppose -47*f + 36*f + 10318 = 0. What are the prime factors of f?
2, 7, 67
Let h = -387 - -619. List the prime factors of h.
2, 29
Let v be 4/(-14) + 14/49. Suppose 0*y - 5*y + 70 = v. Suppose -10*h + y*h - 44 = 0. What are the prime factors of h?
11
Suppose -9*z + 25 = 4*b - 6*z, -5*z = 3*b - 27. Let x be 0*((-6)/(-9))/(-2). Suppose b*w = 2*d - 122, 4*d + x*w - 244 = -w. What are the prime factors of d?
61
Let m = 205 + -158. List the prime factors of m.
47
Suppose 75 = -8*i - 85. Let s = 60